j(a) + k(a). Let d(b) = b**2 + 104*b + 395. Let q be d(-4). Calculate t(q).
-3
Let g(o) = 3*o + 29. Let f be g(20). Let b = 481 - f. Let n be 4/(-34) - b/136. Let k(d) = 3*d + 3. What is k(n)?
-6
Let m(x) = x**3 + 3*x**2 - 7*x - 5. Let h be (-5 - -1)/(29/((-1015)/(-28))). Give m(h).
-20
Let j(y) = 90*y**2 - 11*y + 12. Let u(l) = -224*l**2 + 23*l - 25. Let o(k) = -5*j(k) - 2*u(k). Give o(3).
-1
Let q(h) = -3*h**2 + 54*h + 6. Let a be (-225)/5*(-4)/10. Let g be q(a). Let d(t) = -t**2 + 8*t - 8. Determine d(g).
4
Let n be ((4/8)/1)/(1 + 7/(-28)). Let t(j) be the first derivative of n*j**3 + 1/2*j**4 - 14 + 3/2*j**2 - 3*j. What is t(2)?
27
Let f be ((-7)/(-1) - 1)/((-21)/(-14)). Suppose f*p - 5*y + 11 = -0, -3*p - 2*y = 14. Let r(n) = -n**2 - 2*n + 10. What is r(p)?
2
Let y = 4969 - 4964. Let g(r) = 10*r - 58. What is g(y)?
-8
Let r(z) = -z**3 - 2*z**2 - z + 7. Let p be r(-4). Let i(a) = -p + 4*a + 44 - 6*a. Suppose -3*d - 19 + 16 = 0. Give i(d).
3
Let y(d) = d**3 - 31*d**2 + 56*d + 55. Let o be (-642 - -439)*(8/(-7) - -1). Calculate y(o).
-3
Suppose -2*t + 7*n = 4*n - 34, -5*n - 136 = -8*t. Let z(v) = -4*v**2 + 70*v - 28. Calculate z(t).
6
Let w(y) be the first derivative of -10 + 16*y - y**2 + 0*y**3 - 1/20*y**5 - 1/4*y**4. Let a(h) be the first derivative of w(h). Determine a(-3).
-2
Suppose 137*d - 870 = -48. Let j(f) = -3*f - 8. What is j(d)?
-26
Let d(u) = 19*u - 186. Let v(i) = -9*i + 88. Let y(z) = 6*d(z) + 13*v(z). Give y(10).
-2
Suppose -18*n + 23*n = -30. Suppose 0 = 5*r + 12 - 12. Let c(t) = t**2 + 4*t - 2 + 2 + r*t. Give c(n).
12
Let n(z) = z**2 - 6*z + 3. Let q(d) = -d - 1. Let h(u) = -n(u) + q(u). Let j be h(6). Let g be (-2 - j/6)*3. Let x(y) = 8*y**2 + y. Give x(g).
7
Let w(f) = -31*f + 17*f + 5 + f**2 - 5*f**2 + 19*f + f**2. Let v be w(-1). Let p(m) = 2*m**2 + 4*m + 1. Give p(v).
7
Suppose 2*m = -5*p - 15, -89 + 104 = -5*m - 5*p. Let y(x) be the third derivative of m + 11*x**2 - 1/12*x**5 + 0*x**3 + 0*x + 1/24*x**4. What is y(-1)?
-6
Let l(i) = -4*i - 49. Let g be l(-13). Suppose -3*c + g = -t, -t = t + c - 15. Let r(u) = 5*u - 8 + 0*u - 1 + 0*u. Calculate r(t).
21
Let t(a) = a**2 + 2*a + 6. Suppose 2*f - 74 = -4*k, 5*k = -2*f - 0*f + 91. Let l(c) = 12 + 13 - k*c + 12*c. Let u be l(6). Give t(u).
21
Let p(k) = 16245152237*k**3 - 4*k + 2*k**2 - 16245152236*k**3 - 1 + 0. Let i = 0 - 3. Determine p(i).
2
Let p(u) = -5*u**2 - 30*u + 452. Let h(g) = 6*g**2 + 35*g - 472. Let a(n) = 4*h(n) + 5*p(n). What is a(15)?
-3
Suppose g + 2*p + 3*p - 572 = 0, 2730 = 5*g - p. Let l(r) = 0*r**2 - g*r + 549*r - 2*r**2. What is l(2)?
-4
Suppose -15 = -2*n - 5. Let d be (n/(-10))/(1/(-18)). Let o(w) = 40*w - 25*w - 2*w**2 - 9 + 3*w**2 - 23*w. Give o(d).
0
Let i(h) be the first derivative of -155 - 5*h + 1/3*h**3 - 5/2*h**2. What is i(5)?
-5
Let n(q) = 2*q**2 - 6*q + 7. Let c be n(2). Let g(k) = 6*k - 2*k**2 - 3108 + 3102 + c*k**2. Determine g(-5).
-11
Let c = 84 - 73. Let o(h) = -5*h**3 + 30*h**2 - 11*h - 20. Let w(r) = -r**3 + 6*r**2 - 2*r - 4. Let m(a) = c*w(a) - 2*o(a). Calculate m(6).
-4
Let v(p) = p**3 + 9*p**2 + 2*p + 9. Suppose 2*j = 6*j - 16. Let z(t) = t**3 - t**2 - 23*t + 19. Let i be z(5). Let y be j/(i/1)*-9. Calculate v(y).
-9
Let b(z) = z**3 + z**2 - 2*z - 7. Let k be b(2). Let j(x) = -94*x**2 + 3*x - 2. Give j(k).
-93
Let n(q) = -q**3 + 10*q**2 - 21*q + 42. Let i be n(8). Let a(m) be the first derivative of 1 - 7*m + 1/2*m**i. Calculate a(8).
1
Let v(l) = 49*l - 92. Let d(o) = o**3 + 11*o**2 - 113*o - 1210. Let u be d(-12). Calculate v(u).
6
Let b(r) = -r**3 - 6*r**2 - 9*r + 2. Let q be b(-4). Let c(f) be the first derivative of -9 - f - 1/2*f**2 + 2*f**3 - 1/4*f**4. Calculate c(q).
-7
Let f be 1/(56/20 - 3)*-1. Let u = f + 0. Let b(k) = 2*k + 3. What is b(u)?
13
Let b(j) = -166*j**3 - 9*j**2 + 165*j**3 + 9 - 9*j + 0*j + 0*j + 0*j. Give b(-8).
17
Let t(f) = -68*f - 5. Let k(l) = 14*l + 2. Let a(d) = -5*k(d) - t(d). Let m(s) = -2*s**2 + s + 2. Let y be m(2). Give a(y).
3
Let i(f) be the second derivative of -f**5/20 - f**4/2 - 4*f**3/3 + f**2 + 2*f - 44. Give i(-4).
2
Let m(v) be the first derivative of v**4/4 - 2*v**3 + 3*v**2/2 + 12*v + 23. Let w be (-24)/(-60) - 23/(-5). Calculate m(w).
2
Let p(a) = -2*a + 3. Let u(z) = z**3 + 12*z**2 - 2*z - 28. Suppose 2 = 3*x - 2*s, 3*s - 8*s + 2 = -4*x. Suppose 3*j - x*j = -12. Let v be u(j). What is p(v)?
11
Let o(d) = 2*d**2 + 3*d. Suppose 10*u = -29*u - 975. Let n be (-1 - -2)*2 + -12. Let b be (16/(-20))/(n/u). Determine o(b).
2
Let b(m) = 4 + 12*m + 317*m**2 - 630*m**2 - m**3 + 316*m**2 - 13. Determine b(5).
1
Let a(m) = m**3 + m**2 + m. Let y be a(-2). Let k(n) = -118*n**2 + 11*n + 33. Let i(d) = -26*d**2 + 3*d + 8. Let l(p) = -9*i(p) + 2*k(p). Determine l(y).
-48
Let x be 6*5/(-50)*5 - 3. Let p(w) = -7*w**2 + 5*w. Let u(c) = -13*c**2 + 9*c. Let y(i) = 11*p(i) - 6*u(i). What is y(x)?
30
Let n = 0 + -6. Let d(f) = f**2 + 4*f - 10. Let z be d(n). Let y(p) = -54 - 56 - 63 + 172 - p. What is y(z)?
-3
Let o(d) = 0*d**2 - 8 + 10*d + d**3 - d**2 + 10*d**2 - 2*d**3. Let x be (3/4)/(1/(-4)) - -173. Suppose 175*p - 50 = x*p. What is o(p)?
-8
Suppose 47 = 6*f - f + 4*r, -2*f + 14 = 4*r. Let v(g) = f - 3*g**2 + 7 + 2*g**2 - g - 17. Calculate v(-3).
-5
Let h(n) = -369*n**2 - 43*n - 25 - 369*n**2 + 1449*n**2 - 367*n**2 - 342*n**2. Give h(22).
-3
Suppose -21*q = -17*q - 880. Let x(t) = 70*t - 7 + 72*t + 77*t - q*t. Calculate x(-11).
4
Let b(d) be the third derivative of -2*d**5/15 - 5*d**4/12 - d**3/3 + 34*d**2. Let c(m) = -4*m**2 - 4*m - 1. Let l(o) = 2*b(o) - 5*c(o). Determine l(1).
5
Let r be (161/(-21) + 9)*-3. Let m(j) = j**2 - 21*j + 4. Let z(i) = -i**2 + 24*i - 3. Let a(h) = r*z(h) - 5*m(h). Suppose -q = -0*q - 8. Give a(q).
0
Let k(h) = h**2 - 3*h + 20. Let l be k(0). Suppose 10*i + 30 = l. Let x(d) = -3*d**3 + d - d**3 + d**2 + 7*d**3 + 1. What is x(i)?
-2
Let g = -18 + 21. Suppose -h + 10 = -4*d - d, 0 = g*h. Let s(x) = 2*x**3 + 2*x**2 + 1. Let b be s(d). Let w(u) = -3*u - 6. Calculate w(b).
15
Let c(d) = 6 - 2*d - 1 + 0 + 3. Suppose -64 = 3*w + 2*k, -3*w = -k + 52 - 3. Let r(o) = o**2 + 18*o + 6. Let j be r(w). Give c(j).
-4
Let a(d) be the third derivative of d**5/60 - d**4/3 + 13*d**3/6 + 1804*d**2. Calculate a(3).
-2
Let j(y) be the second derivative of -y**6/15 - y**3/6 + 303*y**2/2 + y + 50. Let t(s) be the first derivative of j(s). Determine t(1).
-9
Let d(o) = -17*o - 323. Let p(x) = 162*x + 3066. Let y(m) = -48*d(m) - 5*p(m). What is y(-29)?
0
Suppose 3*t = -5*o + 59, -3*t = o - 3*o + 32. Let i = o + -11. Let x(v) = -i*v - v + 3*v + 9*v**2 - v. Give x(-1).
10
Let i(u) = u**3 - 10*u**2 - 38*u + 273. Let n be i(11). Let j(o) = -o - 12. Calculate j(n).
12
Let c be ((-126)/(-9) - -10) + (0 - -4). Let p be 1 - 35/c - 9/12. Let m(l) be the first derivative of -15*l**4/4 - l**2/2 - l - 1. Determine m(p).
15
Let c be 6/63*1 - (-13559)/(-1911). Let x(a) = -a**2 - 9*a - 6. Calculate x(c).
8
Let s be 2 + (2 - 2) + (-1 - -2). Let t(l) be the third derivative of -5*l**4/24 + 2*l**3/3 - 119*l**2. Calculate t(s).
-11
Let l(b) = -63*b**2 + 34*b + 11. Let z(u) = 12*u**2 - 2*u. Let n(g) = l(g) + 5*z(g). Give n(8).
11
Let d(j) = j**2 - 17*j - 863. Let w be d(39). Let p(h) = h**3 + 5*h**2 - h. Determine p(w).
5
Let u(w) be the second derivative of w**4/12 + 13*w**3/6 + 12*w**2 + 2*w + 324. What is u(-7)?
-18
Let k(w) = 284*w - 210. Let l(a) = 102*a - 70. Let n(s) = -5*k(s) + 14*l(s). What is n(-13)?
-34
Let t be -2*6/(-4) - (-23 - -22). Let h be 1/2 + 33/(-6). Let q(v) = -4*v**3 - 4*v**2 - v - 3. Let i(z) = z**3. Let c(l) = h*i(l) - q(l). Determine c(t).
7
Let a(y) = 14*y - 4. Let o be ((-36)/(-48))/(3/8). Determine a(o).
24
Let o be 11/((-264)/104)*6/(-2). Let s(d) = -5*d**3 + 65*d**2 + 2*d - 23. Determine s(o).
3
Let x(v) be the first derivative of -10/3*v**3 - 25*v + 128 - 9/2*v**2 + 1/4*v**4. Determine x(11).
-3
Let f(m) = -m + 1. Suppose -3*z + 133 = -8. Let n = -43 + z. Suppose -8 = -4*b + n. Determine f(b).
-2
Suppose -7*l = 4*l + 6*l - 102. Let y(r) = -r**3 + 5*r**2 - 3*r + 31. Calculate y(l).
-23
Let t = -6889 - -6899. Let y(v) = -v**3 + 13*v**2 - 28*v. Calculate y(t).
20
Let t(j) be the third derivative of -j**4/12 - 4*j**3 - 11*j**2. Let k(u) = u**2 + 108*u + 2822. Let r be k(-45). What is t